 the greatest common factor of v and 18?
18
Suppose 5*l = -3*i + 5*i - 28, 2*i - 4*l = 24. Let w = -3 + 5. Suppose -3*t = 3*n - w*n - 24, -2*t = -8. What is the highest common divisor of n and i?
4
Let u(a) be the first derivative of a**3/3 + 3*a**2 + 4*a - 1. Let q be u(-6). Let l = -3 - -7. Calculate the highest common factor of q and l.
4
Suppose -d - 3*d = -56. Let z(w) = -w**3 - 10 - 9*w**2 + 24 - 4*w + 0*w**3. Let y be z(-10). What is the highest common factor of d and y?
14
Suppose 2*q + 503 = 5*w, 5*w - 6*q = -q + 515. What is the highest common factor of 11 and w?
11
Suppose 2*g = 4*o + 28, -2*g - o = 3*o - 4. What is the highest common divisor of 8 and g?
8
Let v(f) = -f**2 + 2*f**2 + 5 + 6*f - 6. Let m be v(-5). Let p be (-352)/m*(-1 - -4). Calculate the greatest common factor of p and 22.
22
Let p = 29 + -17. Calculate the greatest common divisor of p and 4.
4
Suppose -x + 2*x = 4*l - 30, 0 = l + 4*x - 16. What is the greatest common divisor of 2 and l?
2
Let f = 9 + 13. Calculate the highest common factor of f and 154.
22
Suppose 8*x - 673 = 191. What is the highest common factor of x and 12?
12
Let x be -2 + 1 + (-4)/(-1). Suppose z + 3*z - 5*f = 127, 4*f + 96 = x*z. What is the highest common divisor of z and 4?
4
Let a = -49 + 97. Let f be (-1 - -1) + 4 - -2. What is the highest common factor of f and a?
6
Let h be 92/5 - (-15)/25. Let r be (-189)/(-2) + (-8)/(-16). Calculate the greatest common factor of h and r.
19
Suppose -15*r - 45 = -16*r. What is the greatest common divisor of 60 and r?
15
Let k = 22 - 7. Suppose -516 = -2*g - 2*g. Let j = 189 - g. What is the highest common factor of k and j?
15
Let f(o) = -2*o - 7 + 3 + 0. Suppose d = 2 - 7. Let i be f(d). What is the highest common divisor of i and 12?
6
Suppose 5*y = -3*i + 39, -2*i + 26 = 5*y - 3*y. Calculate the highest common divisor of i and 182.
13
Let z = 9 + -5. Suppose p + p = z. Let j be p/(-1 + (-25)/(-24)). What is the highest common factor of 6 and j?
6
Let c = 2 + 82. Calculate the highest common factor of c and 105.
21
Let q = 6 + 4. Let p be (12/(-10))/(4/(-220)). Suppose -2*u + p + 14 = 0. What is the greatest common divisor of u and q?
10
Let n(t) = -t + 9. Let c be n(6). What is the highest common divisor of c and 27?
3
Let d(q) = q**3 - q**2 + 5*q - 2. Let u be d(5). Calculate the highest common divisor of 41 and u.
41
Let b = 0 + 6. Let w(v) = v**2 + 5. Let y be w(7). What is the greatest common divisor of b and y?
6
Let s(c) = c**3 - 2*c**2 - c + 2. Let p be s(5). Suppose -7*k + 3*k + 16 = 0. Suppose -k*o = -35 - 1. Calculate the highest common factor of o and p.
9
Suppose -20*b + 8*b = -492. Calculate the greatest common divisor of b and 287.
41
Suppose -3*v - 3*d + 30 = 0, 0 = 4*v - 3*d - 2*d + 5. What is the highest common divisor of 35 and v?
5
Suppose -5*u + 4 = -4*u. Let h be u/(-14) + 170/7. Suppose -l + 0*l = -6. Calculate the greatest common factor of h and l.
6
Let y be (-198)/(-10) - (-1)/5. Let z(d) = d**2 + d - 3. Let f be z(-3). Let m be (-6)/((f - 2)/(-5)). What is the highest common divisor of y and m?
10
Suppose x = 2*x - d - 65, 0 = -x - 5*d + 71. Let t = -10 - -16. Calculate the greatest common factor of x and t.
6
Let n be ((-4)/6)/((-2)/9). Let t(c) = c - 1. Let v be t(2). What is the greatest common factor of n and v?
1
Let w be 3 + -1 + (1 - 2). Let h = -10 + w. Let r = h - -58. Calculate the highest common divisor of r and 7.
7
Suppose 0 = 5*w - 2*v - 19, -w - 5*v - 4 = 3. Let q be (2/w)/2*27. What is the highest common divisor of 9 and q?
9
Suppose 2*x + 2*x = 64. Calculate the highest common factor of x and 4.
4
Suppose 5*k - z - 5 = 2*z, k - 9 = -z. Calculate the greatest common divisor of 1 and k.
1
Let n be 2 - (-21)/(-12) - 495/(-20). What is the greatest common factor of 10 and n?
5
Suppose -9*w + 16*w - 280 = 0. What is the greatest common divisor of w and 20?
20
Suppose 2*w - 138 = -2*g, w - g = 3*w - 141. Let v be 2/(-9) - (-1744)/w. Let u(j) = 6*j. Let m be u(6). Calculate the greatest common factor of v and m.
12
Let r(h) = -h. Let b be r(-4). Suppose -b = -5*j + 31. What is the highest common divisor of j and 56?
7
Suppose 8*f - 4 = 4*f. Let v(c) = c - 6. Let l be v(7). What is the highest common divisor of f and l?
1
Let q(b) = b**2 - 3. Let k = -18 + 13. Let l be q(k). Calculate the highest common divisor of 11 and l.
11
Let x = 47 + -36. What is the highest common factor of x and 88?
11
Suppose 0 = -y - y - 8, 2*y = -n - 18. Let j = n + 29. Let o(i) = i**3 + 10*i**2 - i + 3. Let p be o(-5). What is the greatest common factor of j and p?
19
Suppose -2*p - 72 = -10*p. What is the greatest common divisor of 6 and p?
3
Let d be 133/9 + 12/54. Suppose -5*t + 4*w + 208 = 0, -t - w = -6*t + 202. Suppose 3*h + t = 130. What is the greatest common divisor of h and d?
15
Suppose 0 = 3*w - 50 + 17. Let g be (-101 + -1)*-1 - 3. What is the highest common factor of g and w?
11
Let g be 3/6 + (-35)/(-14). Calculate the greatest common factor of 6 and g.
3
Let p be -1 + (-1)/((-2)/6). Suppose -p*l = -55 + 1. Let u = 2 - -1. What is the greatest common factor of l and u?
3
Suppose 0 = -5*w + 4*q + 35, 2*w + 18 = 3*w - 3*q. Suppose -w*t + 26 - 8 = 0. Calculate the highest common divisor of t and 12.
6
Suppose -4*h + 19 = -9. Suppose -37 = -3*n + 5*s, 2*n + 3*s = h*s + 26. Calculate the greatest common factor of 3 and n.
3
Let h be (-2)/(-4) + 6/4. Suppose s - 2*z + 2 = 0, -h*s = 3*z - 4 - 13. Suppose s*g - 5*g + 10 = 0. Calculate the highest common divisor of 2 and g.
2
Let o be 28/(-49) - 64/(-14). Calculate the greatest common factor of 4 and o.
4
Let s(r) = r**2 - 8*r + 3. Let t be s(8). Suppose -4*p - f + 33 = 0, 4*f + 55 = t*p + 16. Calculate the greatest common divisor of 3 and p.
3
Suppose 4*j = 2*y + j - 28, 4*y + 4*j = 56. What is the greatest common factor of 4 and y?
2
Let t(m) = 2 - 4*m + 0*m**2 - m**2 - 1. Let a be t(-3). What is the highest common divisor of a and 32?
4
Let m be (-4)/(-10) + 429/15 + 1. Let n = -10 - -22. Calculate the greatest common divisor of n and m.
6
Let n = -2 - -4. Suppose -g - n*g + 9 = 0. Suppose 5*z - 3*k - 11 = -0, 4*z - 7 = g*k. Calculate the highest common divisor of z and 32.
4
Let d(s) = s - 6. Let z be d(7). What is the greatest common factor of 3 and z?
1
Let k be (4*13)/((-24)/36). Let g = k + 126. What is the greatest common factor of 6 and g?
6
Let c = -38 - -44. What is the highest common factor of 15 and c?
3
Suppose 31 = 5*t - 219. Let b be (15/(-6) + 0)*-4. What is the greatest common divisor of b and t?
10
Let l = 6 - -12. Let n = -15 + l. Suppose s + 7 = 3*v - 0*s, 3*v + 5*s = 19. Calculate the highest common factor of v and n.
3
Let t be (1 + 465/(-12))*-4. Let i = -217 + t. Let g be (6/18)/((-1)/i). What is the highest common factor of 2 and g?
2
Let y be (0 - 1)*8/(-2). Suppose -2*i = -3*i + y. Calculate the greatest common factor of i and 10.
2
Let t = 557 + -390. Let a = t - 13. Suppose -3*c - 28 = -5*c. What is the highest common divisor of a and c?
14
Let z(y) = y**3 - 2*y**2 + 4*y - 3. Let f be z(2). Let d(h) = -h**2 + 7*h - 4. Let o be d(6). What is the highest common factor of f and o?
1
Let v(k) = -5*k - 2. Let a be v(1). Let m be -1*a*(5 + 1). Calculate the highest common factor of 63 and m.
21
Let n(u) = -u**3 - 14*u**2 - 4*u - 109. Let r be n(-15). Let y(m) = m**2 - m + 22. Let d be y(0). What is the highest common divisor of r and d?
22
Let y be ((-2)/(-1))/(6/9). Suppose y*o - 63 = 2*o. Let c be 6 - 6/4*2/(-3). What is the highest common divisor of o and c?
7
Let w = -41 - -89. Suppose -o - 3*b + 0 = -6, 2*b = 2*o - 12. Calculate the highest common divisor of w and o.
6
Suppose -1 + 7 = -3*a. Let r be (-7)/2*(a + -6). Calculate the greatest common factor of 70 and r.
14
Suppose c = 4*r - 0*c + 7, 0 = -2*c - 10. Let u be r + (-1)/(-1) + 5. What is the greatest common factor of 3 and u?
3
Suppose -29 = -3*k + 22. What is the greatest common factor of 51 and k?
17
Let a be 7/(-5) + 4/10. Let k be a/((-3)/15*1). Let r = k - 1. What is the highest common divisor of 8 and r?
4
Let x = 12 + -9. Suppose x*i - 6*i + 21 = 0. What is the greatest common factor of i and 1?
1
Suppose -2*b - 2 = -5*a, 2*a + 2*a = -2*b + 16. Let o be 31/4 + 1/b. Calculate the hi